e 3, what is 110220200110 + 111?
110220200221
In base 12, what is -b - -8774b?
87740
In base 10, what is 51 + -4857830?
-4857779
In base 3, what is -10201 + -10002110022?
-10002121000
In base 13, what is 56420 + 4b?
5646b
In base 5, what is -1000 + 3123414?
3122414
In base 2, what is 10000100 + -1110010010011011100?
-1110010010001011000
In base 2, what is -11100101100111101001000 - 11?
-11100101100111101001011
In base 10, what is -78491 + -2734?
-81225
In base 16, what is 915 + -5048?
-4733
In base 11, what is 118825 - -55?
11887a
In base 3, what is -102220120202101 - -120?
-102220120201211
In base 16, what is -2 + 7f471c?
7f471a
In base 8, what is -4 + 11712006?
11712002
In base 8, what is 30546310 + 103?
30546413
In base 2, what is -11010100110100011010000 - -100?
-11010100110100011001100
In base 5, what is -110001 + -1442414?
-2102420
In base 7, what is -42565320 + -1?
-42565321
In base 13, what is 1c16b573 - -1?
1c16b574
In base 12, what is 4 + 28539039?
28539041
In base 15, what is a0d8 - -dd?
a1c6
In base 12, what is -41 + -64343?
-64384
In base 16, what is 2c0 - -f271?
f531
In base 5, what is 4 + 1142233021?
1142233030
In base 2, what is 10100 + 100101000011000111111101?
100101000011001000010001
In base 11, what is -15307 - -1?
-15306
In base 13, what is 5060c - 829?
4cab3
In base 10, what is -2027 - 15704?
-17731
In base 3, what is 2221021121211201 + 0?
2221021121211201
In base 3, what is -201 + -1021022221100?
-1021022222001
In base 7, what is 205 + 1226261?
1226466
In base 6, what is 103333 + -444?
102445
In base 14, what is 2ba8da + 157?
2baa53
In base 3, what is 110102001122 + 2020?
110102010212
In base 11, what is -6 + 349804a?
3498044
In base 11, what is 1355590 - -6a?
135564a
In base 4, what is 1012 + -33101022012?
-33101021000
In base 13, what is -982615 + 14c?
-982496
In base 11, what is 2a85631 - 3?
2a85629
In base 12, what is 3 - 11a7187b?
-11a71878
In base 8, what is 55423604 + -3?
55423601
In base 3, what is -1 - -110201101112200211?
110201101112200210
In base 7, what is 605616 + 161?
606110
In base 15, what is 7d40 - 45b?
78d4
In base 6, what is -141 + 1402203?
1402022
In base 12, what is 6506 + 298?
67a2
In base 5, what is 441043421 - -110?
441044031
In base 4, what is 12301001 - -1320?
12302321
In base 3, what is 1100200110 + -1112?
1100121221
In base 13, what is -71a104 - -1?
-71a103
In base 9, what is 581630 + -220?
581410
In base 16, what is f22 + -29b?
c87
In base 3, what is 1011201 + -2002210000201?
-2002201212000
In base 10, what is 158799442 + -2?
158799440
In base 2, what is 111011111110101100000 + 1?
111011111110101100001
In base 16, what is 4 + 169a0e?
169a12
In base 9, what is -333 + -7108?
-7442
In base 2, what is 0 + -10001000111111001011?
-10001000111111001011
In base 7, what is 4344646 + -11?
4344635
In base 7, what is -1501320 - 343?
-1501663
In base 8, what is -372 - -17173070?
17172476
In base 9, what is 0 - 2353853?
-2353853
In base 11, what is 5 + -22a0213?
-22a0209
In base 6, what is -23 + -30442131?
-30442154
In base 7, what is 11310 + -4545?
3432
In base 3, what is -200 + -221201002002?
-221201002202
In base 15, what is -5ad96a - 4?
-5ad96e
In base 5, what is -111303441 + 2401?
-111301040
In base 10, what is -3 + -5534872?
-5534875
In base 16, what is 1 + -16ca03f?
-16ca03e
In base 3, what is 120110110020 + 1211?
120110112001
In base 15, what is -85 - -25993?
2590d
In base 7, what is 142661 - -1240?
144231
In base 15, what is -2655b00 - 0?
-2655b00
In base 4, what is 13222112 - -20331?
13303103
In base 8, what is -5245 - -616?
-4427
In base 8, what is 203175023 + -21?
203175002
In base 6, what is 15 + 4031322?
4031341
In base 11, what is 235a974 + -34?
235a940
In base 7, what is -211 + 4301451?
4301240
In base 7, what is 204365324 - -2?
204365326
In base 11, what is 2 + -5a485773?
-5a485771
In base 6, what is -130422240220 + -4?
-130422240224
In base 16, what is -2 - 4bb99f?
-4bb9a1
In base 15, what is -b5363e - 2?
-b53641
In base 4, what is 10 - 200011330112?
-200011330102
In base 9, what is -28458 - 2165?
-31634
In base 16, what is 9 - 21172?
-21169
In base 16, what is -1 - -9e0183d?
9e0183c
In base 14, what is -10d242 + -73?
-10d2b5
In base 4, what is 12 - -333201002221?
333201002233
In base 13, what is -327c179 + 21?
-327c158
In base 14, what is -9a - -bb967?
bb8ab
In base 2, what is 111100000 - -10100101011001111?
10100110010101111
In base 2, what is 1011 + 101011110111111111111001111?
101011110111111111111011010
In base 12, what is 2b - -253ba6?
254015
In base 11, what is -5a11993 + -1?
-5a11994
In base 7, what is 0 - -10214034?
10214034
In base 2, what is -11010100110110 - 11011001?
-11011000001111
In base 8, what is -317500 - -2772?
-314506
In base 13, what is 1890a + 12a?
18a37
In base 10, what is 120 - 60544?
-60424
In base 2, what is 101110001101000101011010 + 11?
101110001101000101011101
In base 15, what is c1 + 32a47c?
32a54d
In base 6, what is 311 - 2215320?
-2215005
In base 4, what is -1010030112 - -231?
-1010023221
In base 4, what is -1 - 102100310121?
-102100310122
In base 13, what is -1c31 + -3320?
-5251
In base 12, what is -b853b14 + -1?
-b853b15
In base 7, what is -1115402232 + -12?
-1115402244
In base 3, what is -11011000212 - -102?
-11011000110
In base 4, what is -20022112300 - -32?
-20022112202
In base 5, what is 2203301 - 22112?
2131134
In base 9, what is -2617 + 8072?
5354
In base 8, what is 11 - -101117343?
101117354
In base 12, what is -494529 + 63?
-494486
In base 5, what is -33231 - -212020?
123234
In base 3, what is -12220020011210 + -21?
-12220020012001
In base 11, what is 5 + -10005a55?
-10005a50
In base 4, what is -100201013 + 1323?
-100133030
In base 16, what is 40 + 9383?
93c3
In base 12, what is 16478167 - 1?
16478166
In base 16, what is -82b - -4b3c?
4311
In base 4, what is -11 - -222301300120?
222301300103
In base 4, what is 3 - 21130302320?
-21130302311
In base 8, what is -127114666 - -5?
-127114661
In base 14, what is d804835 + 2?
d804837
In base 11, what is -2505 + -556a?
-7a74
In base 6, what is -1442335000 + -4?
-1442335004
In base 16, what is 1 + 41dd55e?
41dd55f
In base 10, what is -3 + -6141735?
-6141738
In base 3, what is -1100101220 + -22202112?
-1200011102
In base 6, what is -5 - 140253454?
-140253503
In base 9, what is -105160 + -352?
-105522
In base 15, what is -1468817 - 0?
-1468817
In base 9, what is 0 - 181174322?
-181174322
In base 16, what is c76840 - 4?
c7683c
In base 16, what is -93b1d - 6d?
-93b8a
In base 6, what is 1534131345 + 5?
1534131354
In base 7, what is 14620 + -51621?
-34001
In base 5, what is -210412 - -3342311?
3131344
In base 15, what is 2767 - -a?
2772
In base 12, what is 2b3b233b + 0?
2b3b233b
In base 2, what is -100111 - 101100000011100?
-101100001000011
In base 10, what is -5 - -8528859?
8528854
In base 6, what is 3145 + -15245211?
-15242022
In base 12, what is 542 - -10a01?
11343
In base 10, what is -665 + 43245?
42580
In base 8, what is 7705152 - -72?
7705244
In base 10, what is -17689 - 1528?
-19217
In base 12, what is 8480820 + 4?
8480824
In base 5, what is -1303240 - 120?
-1303410
In base 5, what is 10 + 2041332100?
2041332110
In base 10, what is 9 + 7308019?
7308028
In base 13, what is -306c310 + 16?
-306c2c7
In base 8, what is 66201156 - 5?
66201151
In base 2, what is 10011011001000101 + -1101010001000?
10001101110111101
In base 5, what is -222224 + -40323?
-313102
In base 15, what is -4e8c - 7?
-4e94
In base 7, what is 1461 - -403052?
404543
In base 2, what is -1011001110 + -10101110101110?
-10111001111100
In base 16, what is -259 + 1a3e?
17e5
In base 16, what is eec6 + 35?
eefb
In base 3, what is -11 + -201220212212220101?
-201220212212220112
In base 8, what is 3462121 + -1?
3462120
In base 16, what is -1 - -15dc3b?
15dc3a
In base 10, what is -4187933 + -26?
-4187959
In base 6, what is -10 - -425002122?
425002112
In base 11, what is 280 - -72880?
73050
In base 5, what is -214 + -4144411?
-4200130
In base 14, what is -b - -1b6ad06?
1b6acd9
In base 8, what is 3245 - -40241?
43506
In base 14, what is 1b378 + -3db?
1ad7b
In base 14, what is -235c9 - 4ca?
-23ab5
In base 15, what is -305 + 56c09?
56904
In base 16, what is 2 + -104eae3?
-104eae1
In base 3, what is -12 - -21222101210212?
21222101210200
In base 5, what